{"id":28,"date":"2025-11-20T11:11:48","date_gmt":"2025-11-20T11:11:48","guid":{"rendered":"https:\/\/events.pmfst.unist.hr\/sgsia23\/?page_id=28"},"modified":"2026-04-02T11:05:27","modified_gmt":"2026-04-02T11:05:27","slug":"organizers","status":"publish","type":"page","link":"https:\/\/events.pmfst.unist.hr\/sgsia23\/organizers\/","title":{"rendered":"Organizers"},"content":{"rendered":"<div class=\"wpb-content-wrapper\">[vc_row][vc_column width=&#8221;1\/2&#8243;][vc_column_text margin_bottom=&#8221;0&#8243; css=&#8221;.vc_custom_1775127905787{margin-bottom: 0px !important;}&#8221;]\n<h3>Organizing Committee<\/h3>\n<h4>Local Organizers:<\/h4>\n<div class=\"x_elementToProof\" data-olk-copy-source=\"MessageBody\">Vesna Gotovac \u0110oga\u0161<\/div>\n<div class=\"x_elementToProof\">Nikola Kocei\u0107-Bilan<\/div>\n<div class=\"x_elementToProof\">Ana La\u0161tre<\/div>\n<div class=\"x_elementToProof\">Marcela Mandari\u0107<\/div>\n<div class=\"x_elementToProof\">Dino Peran<\/div>\n<h4><span data-olk-copy-source=\"MessageBody\">Scientific <\/span>Committee:<\/h4>\n<div class=\"x_elementToProof\" data-olk-copy-source=\"MessageBody\">Bojan Basrak<\/div>\n<div class=\"x_elementToProof\">Pierre Calka<\/div>\n<div class=\"x_elementToProof\">Ferenc Fodor<\/div>\n<div class=\"x_elementToProof\">Vesna Gotovac \u0110oga\u0161<\/div>\n<div class=\"x_elementToProof\">Anna Gusakova<\/div>\n<div class=\"x_elementToProof\">Ilya\u00a0<span class=\"markn8disgsai\" data-markjs=\"true\" data-ogac=\"\" data-ogab=\"\" data-ogsc=\"\" data-ogsb=\"\">Molchanov<\/span><\/div>\n<div class=\"x_elementToProof\"><\/div>\n[\/vc_column_text][\/vc_column][vc_column width=&#8221;1\/2&#8243;][vc_column_text css=&#8221;.vc_custom_1763668757655{margin-bottom: 0px !important;}&#8221;]\n<h3>Contact Information<\/h3>\n<p>\ud83d\udce7 Email: sgsia26@pmfst.hr<\/p>\n<p>\ud83d\udcf1 Phone:[\/vc_column_text][\/vc_column][\/vc_row]\n<\/div>","protected":false},"excerpt":{"rendered":"<p>[vc_row][vc_column width=&#8221;1\/2&#8243;][vc_column_text margin_bottom=&#8221;0&#8243; css=&#8221;.vc_custom_1775127905787{margin-bottom: 0px !important;}&#8221;] Organizing Committee Local Organizers: Vesna Gotovac \u0110oga\u0161 Nikola Kocei\u0107-Bilan Ana La\u0161tre Marcela Mandari\u0107 Dino Peran Scientific Committee: Bojan Basrak Pierre Calka Ferenc Fodor Vesna Gotovac \u0110oga\u0161 Anna Gusakova Ilya\u00a0Molchanov [\/vc_column_text][\/vc_column][vc_column width=&#8221;1\/2&#8243;][vc_column_text css=&#8221;.vc_custom_1763668757655{margin-bottom: 0px !important;}&#8221;] Contact Information \ud83d\udce7 Email: sgsia26@pmfst.hr \ud83d\udcf1 Phone:[\/vc_column_text][\/vc_column][\/vc_row]<\/p>\n","protected":false},"author":1,"featured_media":0,"parent":0,"menu_order":0,"comment_status":"closed","ping_status":"closed","template":"","meta":{"footnotes":""},"class_list":["post-28","page","type-page","status-publish","hentry"],"yoast_head":"<!-- This site is optimized with the Yoast SEO plugin v26.9 - https:\/\/yoast.com\/product\/yoast-seo-wordpress\/ -->\n<title>Organizers - 23rd Workshop on Stochastic Geometry, Stereology and Image Analysis in the beautiful coastal city of Split, Croatia.<\/title>\n<meta name=\"robots\" content=\"index, follow, max-snippet:-1, max-image-preview:large, max-video-preview:-1\" \/>\n<link rel=\"canonical\" href=\"https:\/\/events.pmfst.unist.hr\/sgsia23\/organizers\/\" \/>\n<meta property=\"og:locale\" content=\"en_US\" \/>\n<meta property=\"og:type\" content=\"article\" \/>\n<meta property=\"og:title\" content=\"Organizers - 23rd Workshop on Stochastic Geometry, Stereology and Image Analysis in the beautiful coastal city of Split, Croatia.\" \/>\n<meta property=\"og:description\" content=\"[vc_row][vc_column width=&#8221;1\/2&#8243;][vc_column_text margin_bottom=&#8221;0&#8243; css=&#8221;.vc_custom_1775127905787{margin-bottom: 0px !important;}&#8221;] Organizing Committee Local Organizers: Vesna Gotovac \u0110oga\u0161 Nikola Kocei\u0107-Bilan Ana La\u0161tre Marcela Mandari\u0107 Dino Peran Scientific Committee: Bojan Basrak Pierre Calka Ferenc Fodor Vesna Gotovac \u0110oga\u0161 Anna Gusakova Ilya\u00a0Molchanov [\/vc_column_text][\/vc_column][vc_column width=&#8221;1\/2&#8243;][vc_column_text css=&#8221;.vc_custom_1763668757655{margin-bottom: 0px !important;}&#8221;] Contact Information \ud83d\udce7 Email: sgsia26@pmfst.hr \ud83d\udcf1 Phone:[\/vc_column_text][\/vc_column][\/vc_row]\" \/>\n<meta property=\"og:url\" content=\"https:\/\/events.pmfst.unist.hr\/sgsia23\/organizers\/\" \/>\n<meta property=\"og:site_name\" content=\"23rd Workshop on Stochastic Geometry, Stereology and Image Analysis in the beautiful coastal city of Split, Croatia.\" \/>\n<meta property=\"article:modified_time\" content=\"2026-04-02T11:05:27+00:00\" \/>\n<meta name=\"twitter:card\" content=\"summary_large_image\" \/>\n<meta name=\"twitter:label1\" content=\"Est. reading time\" \/>\n\t<meta name=\"twitter:data1\" content=\"1 minute\" \/>\n<script type=\"application\/ld+json\" class=\"yoast-schema-graph\">{\"@context\":\"https:\/\/schema.org\",\"@graph\":[{\"@type\":\"WebPage\",\"@id\":\"https:\/\/events.pmfst.unist.hr\/sgsia23\/organizers\/\",\"url\":\"https:\/\/events.pmfst.unist.hr\/sgsia23\/organizers\/\",\"name\":\"Organizers - 23rd Workshop on Stochastic Geometry, Stereology and Image Analysis in the beautiful coastal city of Split, Croatia.\",\"isPartOf\":{\"@id\":\"https:\/\/events.pmfst.unist.hr\/sgsia23\/#website\"},\"datePublished\":\"2025-11-20T11:11:48+00:00\",\"dateModified\":\"2026-04-02T11:05:27+00:00\",\"breadcrumb\":{\"@id\":\"https:\/\/events.pmfst.unist.hr\/sgsia23\/organizers\/#breadcrumb\"},\"inLanguage\":\"en-US\",\"potentialAction\":[{\"@type\":\"ReadAction\",\"target\":[\"https:\/\/events.pmfst.unist.hr\/sgsia23\/organizers\/\"]}]},{\"@type\":\"BreadcrumbList\",\"@id\":\"https:\/\/events.pmfst.unist.hr\/sgsia23\/organizers\/#breadcrumb\",\"itemListElement\":[{\"@type\":\"ListItem\",\"position\":1,\"name\":\"Home\",\"item\":\"https:\/\/events.pmfst.unist.hr\/sgsia23\/\"},{\"@type\":\"ListItem\",\"position\":2,\"name\":\"Organizers\"}]},{\"@type\":\"WebSite\",\"@id\":\"https:\/\/events.pmfst.unist.hr\/sgsia23\/#website\",\"url\":\"https:\/\/events.pmfst.unist.hr\/sgsia23\/\",\"name\":\"23rd Workshop on Stochastic Geometry, Stereology and Image Analysis in the beautiful coastal city of Split, Croatia.\",\"description\":\"\",\"publisher\":{\"@id\":\"https:\/\/events.pmfst.unist.hr\/sgsia23\/#organization\"},\"potentialAction\":[{\"@type\":\"SearchAction\",\"target\":{\"@type\":\"EntryPoint\",\"urlTemplate\":\"https:\/\/events.pmfst.unist.hr\/sgsia23\/?s={search_term_string}\"},\"query-input\":{\"@type\":\"PropertyValueSpecification\",\"valueRequired\":true,\"valueName\":\"search_term_string\"}}],\"inLanguage\":\"en-US\"},{\"@type\":\"Organization\",\"@id\":\"https:\/\/events.pmfst.unist.hr\/sgsia23\/#organization\",\"name\":\"23rd Workshop on Stochastic Geometry, Stereology and Image Analysis in the beautiful coastal city of Split, Croatia.\",\"url\":\"https:\/\/events.pmfst.unist.hr\/sgsia23\/\",\"logo\":{\"@type\":\"ImageObject\",\"inLanguage\":\"en-US\",\"@id\":\"https:\/\/events.pmfst.unist.hr\/sgsia23\/#\/schema\/logo\/image\/\",\"url\":\"https:\/\/events.pmfst.unist.hr\/phyphi\/wp-content\/uploads\/sites\/2\/2022\/06\/logo.png\",\"contentUrl\":\"https:\/\/events.pmfst.unist.hr\/phyphi\/wp-content\/uploads\/sites\/2\/2022\/06\/logo.png\",\"width\":75,\"height\":128,\"caption\":\"23rd Workshop on Stochastic Geometry, Stereology and Image Analysis in the beautiful coastal city of Split, Croatia.\"},\"image\":{\"@id\":\"https:\/\/events.pmfst.unist.hr\/sgsia23\/#\/schema\/logo\/image\/\"}}]}<\/script>\n<!-- \/ Yoast SEO plugin. -->","yoast_head_json":{"title":"Organizers - 23rd Workshop on Stochastic Geometry, Stereology and Image Analysis in the beautiful coastal city of Split, Croatia.","robots":{"index":"index","follow":"follow","max-snippet":"max-snippet:-1","max-image-preview":"max-image-preview:large","max-video-preview":"max-video-preview:-1"},"canonical":"https:\/\/events.pmfst.unist.hr\/sgsia23\/organizers\/","og_locale":"en_US","og_type":"article","og_title":"Organizers - 23rd Workshop on Stochastic Geometry, Stereology and Image Analysis in the beautiful coastal city of Split, Croatia.","og_description":"[vc_row][vc_column width=&#8221;1\/2&#8243;][vc_column_text margin_bottom=&#8221;0&#8243; css=&#8221;.vc_custom_1775127905787{margin-bottom: 0px !important;}&#8221;] Organizing Committee Local Organizers: Vesna Gotovac \u0110oga\u0161 Nikola Kocei\u0107-Bilan Ana La\u0161tre Marcela Mandari\u0107 Dino Peran Scientific Committee: Bojan Basrak Pierre Calka Ferenc Fodor Vesna Gotovac \u0110oga\u0161 Anna Gusakova Ilya\u00a0Molchanov [\/vc_column_text][\/vc_column][vc_column width=&#8221;1\/2&#8243;][vc_column_text css=&#8221;.vc_custom_1763668757655{margin-bottom: 0px !important;}&#8221;] Contact Information \ud83d\udce7 Email: sgsia26@pmfst.hr \ud83d\udcf1 Phone:[\/vc_column_text][\/vc_column][\/vc_row]","og_url":"https:\/\/events.pmfst.unist.hr\/sgsia23\/organizers\/","og_site_name":"23rd Workshop on Stochastic Geometry, Stereology and Image Analysis in the beautiful coastal city of Split, Croatia.","article_modified_time":"2026-04-02T11:05:27+00:00","twitter_card":"summary_large_image","twitter_misc":{"Est. reading time":"1 minute"},"schema":{"@context":"https:\/\/schema.org","@graph":[{"@type":"WebPage","@id":"https:\/\/events.pmfst.unist.hr\/sgsia23\/organizers\/","url":"https:\/\/events.pmfst.unist.hr\/sgsia23\/organizers\/","name":"Organizers - 23rd Workshop on Stochastic Geometry, Stereology and Image Analysis in the beautiful coastal city of Split, Croatia.","isPartOf":{"@id":"https:\/\/events.pmfst.unist.hr\/sgsia23\/#website"},"datePublished":"2025-11-20T11:11:48+00:00","dateModified":"2026-04-02T11:05:27+00:00","breadcrumb":{"@id":"https:\/\/events.pmfst.unist.hr\/sgsia23\/organizers\/#breadcrumb"},"inLanguage":"en-US","potentialAction":[{"@type":"ReadAction","target":["https:\/\/events.pmfst.unist.hr\/sgsia23\/organizers\/"]}]},{"@type":"BreadcrumbList","@id":"https:\/\/events.pmfst.unist.hr\/sgsia23\/organizers\/#breadcrumb","itemListElement":[{"@type":"ListItem","position":1,"name":"Home","item":"https:\/\/events.pmfst.unist.hr\/sgsia23\/"},{"@type":"ListItem","position":2,"name":"Organizers"}]},{"@type":"WebSite","@id":"https:\/\/events.pmfst.unist.hr\/sgsia23\/#website","url":"https:\/\/events.pmfst.unist.hr\/sgsia23\/","name":"23rd Workshop on Stochastic Geometry, Stereology and Image Analysis in the beautiful coastal city of Split, Croatia.","description":"","publisher":{"@id":"https:\/\/events.pmfst.unist.hr\/sgsia23\/#organization"},"potentialAction":[{"@type":"SearchAction","target":{"@type":"EntryPoint","urlTemplate":"https:\/\/events.pmfst.unist.hr\/sgsia23\/?s={search_term_string}"},"query-input":{"@type":"PropertyValueSpecification","valueRequired":true,"valueName":"search_term_string"}}],"inLanguage":"en-US"},{"@type":"Organization","@id":"https:\/\/events.pmfst.unist.hr\/sgsia23\/#organization","name":"23rd Workshop on Stochastic Geometry, Stereology and Image Analysis in the beautiful coastal city of Split, Croatia.","url":"https:\/\/events.pmfst.unist.hr\/sgsia23\/","logo":{"@type":"ImageObject","inLanguage":"en-US","@id":"https:\/\/events.pmfst.unist.hr\/sgsia23\/#\/schema\/logo\/image\/","url":"https:\/\/events.pmfst.unist.hr\/phyphi\/wp-content\/uploads\/sites\/2\/2022\/06\/logo.png","contentUrl":"https:\/\/events.pmfst.unist.hr\/phyphi\/wp-content\/uploads\/sites\/2\/2022\/06\/logo.png","width":75,"height":128,"caption":"23rd Workshop on Stochastic Geometry, Stereology and Image Analysis in the beautiful coastal city of Split, Croatia."},"image":{"@id":"https:\/\/events.pmfst.unist.hr\/sgsia23\/#\/schema\/logo\/image\/"}}]}},"_links":{"self":[{"href":"https:\/\/events.pmfst.unist.hr\/sgsia23\/wp-json\/wp\/v2\/pages\/28","targetHints":{"allow":["GET"]}}],"collection":[{"href":"https:\/\/events.pmfst.unist.hr\/sgsia23\/wp-json\/wp\/v2\/pages"}],"about":[{"href":"https:\/\/events.pmfst.unist.hr\/sgsia23\/wp-json\/wp\/v2\/types\/page"}],"author":[{"embeddable":true,"href":"https:\/\/events.pmfst.unist.hr\/sgsia23\/wp-json\/wp\/v2\/users\/1"}],"replies":[{"embeddable":true,"href":"https:\/\/events.pmfst.unist.hr\/sgsia23\/wp-json\/wp\/v2\/comments?post=28"}],"version-history":[{"count":6,"href":"https:\/\/events.pmfst.unist.hr\/sgsia23\/wp-json\/wp\/v2\/pages\/28\/revisions"}],"predecessor-version":[{"id":95,"href":"https:\/\/events.pmfst.unist.hr\/sgsia23\/wp-json\/wp\/v2\/pages\/28\/revisions\/95"}],"wp:attachment":[{"href":"https:\/\/events.pmfst.unist.hr\/sgsia23\/wp-json\/wp\/v2\/media?parent=28"}],"curies":[{"name":"wp","href":"https:\/\/api.w.org\/{rel}","templated":true}]}}