{"id":35,"date":"2022-06-27T08:29:18","date_gmt":"2022-06-27T08:29:18","guid":{"rendered":"https:\/\/events.pmfst.unist.hr\/phyphi\/?page_id=35"},"modified":"2022-06-27T09:39:03","modified_gmt":"2022-06-27T09:39:03","slug":"physics-and-philosophy-2-4-september-2020","status":"publish","type":"page","link":"https:\/\/events.pmfst.unist.hr\/phyphi\/physics-and-philosophy-2-4-september-2020\/","title":{"rendered":"Physics and Philosophy, 2 &#8211; 4 September 2020"},"content":{"rendered":"<div class=\"wpb-content-wrapper\">[vc_row][vc_column][vc_column_text css=&#8221;.vc_custom_1656318376446{margin-bottom: 0px !important;}&#8221;]<strong>Quantum Physics, What is it All About?<\/strong><\/p>\n<p><a href=\"https:\/\/events.pmfst.unist.hr\/phyphi\/wp-content\/uploads\/sites\/2\/2022\/06\/novi_finalni_plakat-compressed_1_.jpg\"><img loading=\"lazy\" decoding=\"async\" class=\"alignleft size-medium wp-image-36\" src=\"https:\/\/events.pmfst.unist.hr\/phyphi\/wp-content\/uploads\/sites\/2\/2022\/06\/novi_finalni_plakat-compressed_1_-214x300.jpg\" alt=\"\" width=\"214\" height=\"300\" srcset=\"https:\/\/events.pmfst.unist.hr\/phyphi\/wp-content\/uploads\/sites\/2\/2022\/06\/novi_finalni_plakat-compressed_1_-214x300.jpg 214w, https:\/\/events.pmfst.unist.hr\/phyphi\/wp-content\/uploads\/sites\/2\/2022\/06\/novi_finalni_plakat-compressed_1_-732x1024.jpg 732w, https:\/\/events.pmfst.unist.hr\/phyphi\/wp-content\/uploads\/sites\/2\/2022\/06\/novi_finalni_plakat-compressed_1_-768x1074.jpg 768w, https:\/\/events.pmfst.unist.hr\/phyphi\/wp-content\/uploads\/sites\/2\/2022\/06\/novi_finalni_plakat-compressed_1_.jpg 772w\" sizes=\"auto, (max-width: 214px) 100vw, 214px\" \/><\/a>Quantum physics is often mentioned even in the everyday discussions. On Google there are 358 million entries under the keyword quantum. Information you will get on these sites is often unclear and contradictory. How to find the right way through all that? Most of the textbooks for physicists are very formal, which means that they use a lot of mathematics and it is difficult to follow them. Nevertheless, in the last decades, books have appeared which try to speak about quantum phenomena in a more accessible way. Some of the lecturers of this Summer School are the authors of such books.<\/p>\n<p>The aim of this Summer School is to address principally the following two questions:<\/p>\n<p>1. How should an introductory course in Quantum Physics be articulated? How to present Quantum Physics to the general public?<\/p>\n<p>2. What are the open conceptual questions of Quantum Physics? Could we be satisfied with its interpretation?<\/p>\n<p>The lecturers on this Summer School do not have identical opinions on these problems and this is its main quality. The position of the organizers is that the best solutions to a problem is to be found by confronting different opinions, and not by mutual approval of the participants. We will not resolve the problems of Quantum Physics, but there will surely be original propositions and discussions.[\/vc_column_text][\/vc_column][\/vc_row][vc_row][vc_column][vc_column_text css=&#8221;.vc_custom_1656318396772{margin-bottom: 0px !important;}&#8221;]<strong>Kvantna fizika, o \u010demu se tu zapravo radi?<\/strong><\/p>\n<p>Kvantna fizika se \u010desto spominje \u010dak i u svakodnevnom govoru. Na Googleu pod pojmom quantum pojavljuje se 358 milijuna rezultata pretrage. Informacije koje \u0107ete dobiti na tim siteovima su uglavnom nemu\u0161te i \u010desto kontradiktorne. Kako se sna\u0107i u svemu tome? Ud\u017ebenici za fizi\u010dare su naj\u010de\u0161\u0107e vrlo formalni, \u0161to zna\u010di da u njima ima puno matematike i vrlo ih je te\u0161ko pratiti. Posljednjih decenija pojavile su se knjige koje poku\u0161avaju na pristupa\u010dniji na\u010din govoriti o kvantnim fenomenima. Neki od predava\u010da na ovoj ljetnoj \u0161koli su upravo autori takvih knjiga. Na predavanjima ove ljetne \u0161kole posvetit \u0107emo se uglavnom dvama pitanjima:<\/p>\n<p>1. Kako predavati uvodni kurs iz kvantne fizike ili kako predstaviti kvantnu fiziku op\u0107oj publici?<\/p>\n<p>2. Koja su otvorena konceptualna pitanja vezana za kvantnu fiziku, odnosno, da li mo\u017eemo biti zadovoljni sa njezinom interpretacijom?<\/p>\n<p>Predava\u010di na ovoj ljetnoj \u0161koli nemaju identi\u010dna stajali\u0161ta vezano za ova pitanja i to je njezina glavna odlika. Ideja organizatora je da se do najboljih rje\u0161enja dolazi suprostavljanjem mi\u0161ljenja, a ne me\u0111usobnim povla\u0111ivanjem u\u010desnika. Sigurno ne\u0107emo rije\u0161iti probleme kvantne fizike, ali \u0107e svakako biti originalnih prijedloga i diskusija.[\/vc_column_text][vc_column_text css=&#8221;.vc_custom_1656318417900{margin-bottom: 0px !important;}&#8221;]<strong>Scientific Committee<\/strong>:<\/p>\n<ul class=\"\">\n<li class=\"level1\">\n<div class=\"li\">Franjo Sokoli\u0107 (University of Split)<\/div>\n<\/li>\n<li class=\"level1\">\n<div class=\"li\">Dragan Poljak (University of Split )<\/div>\n<\/li>\n<li class=\"level1\">\n<div class=\"li\">Dubravko Klabu\u010dar (University of Zagreb)<\/div>\n<\/li>\n<li class=\"level1\">\n<div class=\"li\">Vishnya Maudlin (New York University)<\/div>\n<\/li>\n<\/ul>\n<hr \/>\n<p><strong>Organizing Committee<\/strong>: Mate Jagnji\u0107, Karlo Lelas, Martina Po\u017ear and Nikolina Vu\u010dkovi\u0107[\/vc_column_text][\/vc_column][\/vc_row][vc_row][vc_column][vc_column_text css=&#8221;.vc_custom_1656318441450{margin-bottom: 0px !important;}&#8221;]<a class=\"urlextern\" title=\"https:\/\/web.facebook.com\/s03p2\" href=\"https:\/\/web.facebook.com\/s03p2\" target=\"new\" rel=\"nofollow noopener\">FACEBOOK PAGE<\/a>[\/vc_column_text][\/vc_column][\/vc_row][vc_row][vc_column][vc_column_text css=&#8221;.vc_custom_1656318513279{margin-bottom: 0px !important;}&#8221;]\n<h2 id=\"th_meeting_on_physics_and_philosophy\">8th Meeting on Physics and Philosophy<\/h2>\n<div>\n<div>\n<div>\n<h4>Program<\/h4>\n<p>2 &#8211; 4 September 2020<\/p>\n<\/div>\n<div>\n<div>\n<table>\n<thead>\n<tr>\n<th colspan=\"3\">\u00a0Wednesday, 2 September 2020<\/th>\n<\/tr>\n<\/thead>\n<tbody>\n<tr>\n<td>18:00 \u2013 19:15<\/td>\n<td>Registration and reception<\/td>\n<td><\/td>\n<\/tr>\n<tr>\n<td>19:27 \u2013 19:45<\/td>\n<td>Opening ceremonies<\/td>\n<td><\/td>\n<\/tr>\n<tr>\n<td>19:45 \u2013 20:45<\/td>\n<td>Tim W. E. Maudlin<\/td>\n<td><a title=\"2020:meeting_talk1\" href=\"https:\/\/mapmf.pmfst.unist.hr\/~sokolic\/doku.php?id=2020:meeting_talk1\" rel=\"nofollow\">What is a Physical Theory and How Does it Have Empirical Consequences?<\/a><\/td>\n<\/tr>\n<tr>\n<td>20:45 \u2013 21:45<\/td>\n<td>Dubravko Klabu\u010dar<\/td>\n<td><a title=\"2020:meeting_talk2\" href=\"https:\/\/mapmf.pmfst.unist.hr\/~sokolic\/doku.php?id=2020:meeting_talk2\" rel=\"nofollow\">How Much to Say About Photons in the First Course on Quantum Physics?<\/a><\/td>\n<\/tr>\n<tr>\n<td>21:45 \u2013 22:00<\/td>\n<td>Refreshment Break<\/td>\n<td><\/td>\n<\/tr>\n<tr>\n<td>22:00 \u2013 23:00<\/td>\n<td>Vishnya Maudlin<\/td>\n<td><a title=\"2020:meeting_talk3\" href=\"https:\/\/mapmf.pmfst.unist.hr\/~sokolic\/doku.php?id=2020:meeting_talk3\" rel=\"nofollow\">Teaching the Unteachable<\/a><\/td>\n<\/tr>\n<tr>\n<td>23:00 \u2013 00:00<\/td>\n<td>Mate Jagnji\u0107<\/td>\n<td><a title=\"2020:meeting_talk4\" href=\"https:\/\/mapmf.pmfst.unist.hr\/~sokolic\/doku.php?id=2020:meeting_talk4\" rel=\"nofollow\">EPR &amp; Bell&#8217;s Inequality<\/a><\/td>\n<\/tr>\n<\/tbody>\n<\/table>\n<\/div>\n<div>\n<table>\n<thead>\n<tr>\n<th colspan=\"3\">\u00a0Thursday, 3 September 2020<\/th>\n<\/tr>\n<\/thead>\n<tbody>\n<tr>\n<td>19:25 \u2013 19:45<\/td>\n<td>Review and Introduction<\/td>\n<td><\/td>\n<\/tr>\n<tr>\n<td>19:45 \u2013 20:45<\/td>\n<td>Tim W. E. Maudlin<\/td>\n<td><a title=\"2020:meeting_talk5\" href=\"https:\/\/mapmf.pmfst.unist.hr\/~sokolic\/doku.php?id=2020:meeting_talk5\" rel=\"nofollow\">Taking Collapse Seriously<\/a><\/td>\n<\/tr>\n<tr>\n<td>20:45 \u2013 21:45<\/td>\n<td>Hrvoje Nikoli\u0107<\/td>\n<td><a title=\"2020:meeting_talk6\" href=\"https:\/\/mapmf.pmfst.unist.hr\/~sokolic\/doku.php?id=2020:meeting_talk6\" rel=\"nofollow\">Quantum Theory of Measurement and Bohmian Mechanics<\/a><\/td>\n<\/tr>\n<tr>\n<td>21:45 \u2013 22:00<\/td>\n<td>Refreshment Break<\/td>\n<td><\/td>\n<\/tr>\n<tr>\n<td>22:00 \u2013 23:00<\/td>\n<td>Dragan Poljak<\/td>\n<td><a title=\"2020:meeting_talk7\" href=\"https:\/\/mapmf.pmfst.unist.hr\/~sokolic\/doku.php?id=2020:meeting_talk7\" rel=\"nofollow\">On Mathematical Models in some Multiphysics Phenomena<\/a><\/td>\n<\/tr>\n<\/tbody>\n<\/table>\n<\/div>\n<div>\n<table>\n<thead>\n<tr>\n<th colspan=\"3\">\u00a0Friday, 4 September 2020<\/th>\n<\/tr>\n<\/thead>\n<tbody>\n<tr>\n<td>19:23 \u2013 19:45<\/td>\n<td>Review and Introduction<\/td>\n<td><\/td>\n<\/tr>\n<tr>\n<td>19:45 \u2013 20:45<\/td>\n<td>Tim W. E. Maudlin<\/td>\n<td><a title=\"2020:meeting_talk8\" href=\"https:\/\/mapmf.pmfst.unist.hr\/~sokolic\/doku.php?id=2020:meeting_talk8\" rel=\"nofollow\">The Centrality of Local Beables and the Pilot Wave Approach<\/a><\/td>\n<\/tr>\n<tr>\n<td>20:45 \u2013 21:45<\/td>\n<td>Hrvoje Nikoli\u0107<\/td>\n<td><a title=\"2020:meeting_talk9\" href=\"https:\/\/mapmf.pmfst.unist.hr\/~sokolic\/doku.php?id=2020:meeting_talk9\" rel=\"nofollow\">Quantum tricks: What does the microworld look like when we don&#8217;t observe it?<\/a><\/td>\n<\/tr>\n<tr>\n<td>21:45 \u2013 22:00<\/td>\n<td>Refreshment Break<\/td>\n<td><\/td>\n<\/tr>\n<tr>\n<td>22:00 \u2013 23:00<\/td>\n<td>Franjo Sokoli\u0107<\/td>\n<td><a title=\"2020:meeting_talk10\" href=\"https:\/\/mapmf.pmfst.unist.hr\/~sokolic\/doku.php?id=2020:meeting_talk10\" rel=\"nofollow\">Conceptual and educational problems of quantum physics<\/a><\/td>\n<\/tr>\n<tr>\n<td>23:00 \u2013 23:15<\/td>\n<td>Closing Speech<\/td>\n<\/tr>\n<\/tbody>\n<\/table>\n<\/div>\n<\/div>\n<\/div>\n<\/div>\n[\/vc_column_text][\/vc_column][\/vc_row]\n<\/div>","protected":false},"excerpt":{"rendered":"<p>[vc_row][vc_column][vc_column_text css=&#8221;.vc_custom_1656318376446{margin-bottom: 0px !important;}&#8221;]Quantum Physics, What is it All About? Quantum physics is often mentioned even in the everyday discussions. On Google there are 358 million entries under the keyword quantum. Information you will get on these sites is often unclear and contradictory. How to find the right way through all that? Most of the [&hellip;]<\/p>\n","protected":false},"author":1,"featured_media":0,"parent":0,"menu_order":0,"comment_status":"closed","ping_status":"closed","template":"","meta":{"footnotes":""},"class_list":["post-35","page","type-page","status-publish","hentry"],"yoast_head":"<!-- This site is optimized with the Yoast SEO plugin v27.6 - https:\/\/yoast.com\/product\/yoast-seo-wordpress\/ -->\n<title>Physics and Philosophy, 2 - 4 September 2020 - PHYSICS AND PHILOSOPHY (P&amp;P)<\/title>\n<meta name=\"robots\" content=\"index, follow, max-snippet:-1, max-image-preview:large, max-video-preview:-1\" \/>\n<link rel=\"canonical\" href=\"https:\/\/events.pmfst.unist.hr\/phyphi\/physics-and-philosophy-2-4-september-2020\/\" \/>\n<meta property=\"og:locale\" content=\"en_US\" \/>\n<meta property=\"og:type\" content=\"article\" \/>\n<meta property=\"og:title\" content=\"Physics and Philosophy, 2 - 4 September 2020 - PHYSICS AND PHILOSOPHY (P&amp;P)\" \/>\n<meta property=\"og:description\" content=\"[vc_row][vc_column][vc_column_text css=&#8221;.vc_custom_1656318376446{margin-bottom: 0px !important;}&#8221;]Quantum Physics, What is it All About? Quantum physics is often mentioned even in the everyday discussions. On Google there are 358 million entries under the keyword quantum. Information you will get on these sites is often unclear and contradictory. How to find the right way through all that? Most of the [&hellip;]\" \/>\n<meta property=\"og:url\" content=\"https:\/\/events.pmfst.unist.hr\/phyphi\/physics-and-philosophy-2-4-september-2020\/\" \/>\n<meta property=\"og:site_name\" content=\"PHYSICS AND PHILOSOPHY (P&amp;P)\" \/>\n<meta property=\"article:modified_time\" content=\"2022-06-27T09:39:03+00:00\" \/>\n<meta property=\"og:image\" content=\"https:\/\/events.pmfst.unist.hr\/phyphi\/wp-content\/uploads\/sites\/2\/2022\/06\/novi_finalni_plakat-compressed_1_-214x300.jpg\" \/>\n<meta name=\"twitter:card\" content=\"summary_large_image\" \/>\n<meta name=\"twitter:label1\" content=\"Est. reading time\" \/>\n\t<meta name=\"twitter:data1\" content=\"4 minutes\" \/>\n<script type=\"application\/ld+json\" class=\"yoast-schema-graph\">{\"@context\":\"https:\\\/\\\/schema.org\",\"@graph\":[{\"@type\":\"WebPage\",\"@id\":\"https:\\\/\\\/events.pmfst.unist.hr\\\/phyphi\\\/physics-and-philosophy-2-4-september-2020\\\/\",\"url\":\"https:\\\/\\\/events.pmfst.unist.hr\\\/phyphi\\\/physics-and-philosophy-2-4-september-2020\\\/\",\"name\":\"Physics and Philosophy, 2 - 4 September 2020 - PHYSICS AND PHILOSOPHY (P&amp;P)\",\"isPartOf\":{\"@id\":\"https:\\\/\\\/events.pmfst.unist.hr\\\/phyphi\\\/#website\"},\"primaryImageOfPage\":{\"@id\":\"https:\\\/\\\/events.pmfst.unist.hr\\\/phyphi\\\/physics-and-philosophy-2-4-september-2020\\\/#primaryimage\"},\"image\":{\"@id\":\"https:\\\/\\\/events.pmfst.unist.hr\\\/phyphi\\\/physics-and-philosophy-2-4-september-2020\\\/#primaryimage\"},\"thumbnailUrl\":\"https:\\\/\\\/events.pmfst.unist.hr\\\/phyphi\\\/wp-content\\\/uploads\\\/sites\\\/2\\\/2022\\\/06\\\/novi_finalni_plakat-compressed_1_-214x300.jpg\",\"datePublished\":\"2022-06-27T08:29:18+00:00\",\"dateModified\":\"2022-06-27T09:39:03+00:00\",\"breadcrumb\":{\"@id\":\"https:\\\/\\\/events.pmfst.unist.hr\\\/phyphi\\\/physics-and-philosophy-2-4-september-2020\\\/#breadcrumb\"},\"inLanguage\":\"en-US\",\"potentialAction\":[{\"@type\":\"ReadAction\",\"target\":[\"https:\\\/\\\/events.pmfst.unist.hr\\\/phyphi\\\/physics-and-philosophy-2-4-september-2020\\\/\"]}]},{\"@type\":\"ImageObject\",\"inLanguage\":\"en-US\",\"@id\":\"https:\\\/\\\/events.pmfst.unist.hr\\\/phyphi\\\/physics-and-philosophy-2-4-september-2020\\\/#primaryimage\",\"url\":\"https:\\\/\\\/events.pmfst.unist.hr\\\/phyphi\\\/wp-content\\\/uploads\\\/sites\\\/2\\\/2022\\\/06\\\/novi_finalni_plakat-compressed_1_.jpg\",\"contentUrl\":\"https:\\\/\\\/events.pmfst.unist.hr\\\/phyphi\\\/wp-content\\\/uploads\\\/sites\\\/2\\\/2022\\\/06\\\/novi_finalni_plakat-compressed_1_.jpg\",\"width\":772,\"height\":1080},{\"@type\":\"BreadcrumbList\",\"@id\":\"https:\\\/\\\/events.pmfst.unist.hr\\\/phyphi\\\/physics-and-philosophy-2-4-september-2020\\\/#breadcrumb\",\"itemListElement\":[{\"@type\":\"ListItem\",\"position\":1,\"name\":\"Home\",\"item\":\"https:\\\/\\\/events.pmfst.unist.hr\\\/phyphi\\\/\"},{\"@type\":\"ListItem\",\"position\":2,\"name\":\"Physics and Philosophy, 2 &#8211; 4 September 2020\"}]},{\"@type\":\"WebSite\",\"@id\":\"https:\\\/\\\/events.pmfst.unist.hr\\\/phyphi\\\/#website\",\"url\":\"https:\\\/\\\/events.pmfst.unist.hr\\\/phyphi\\\/\",\"name\":\"PHYSICS AND PHILOSOPHY (P&amp;P)\",\"description\":\"PHYSICS AND PHILOSOPHY (P&amp;P) 2022 Locality and Non-locality in Physics\",\"publisher\":{\"@id\":\"https:\\\/\\\/events.pmfst.unist.hr\\\/phyphi\\\/#organization\"},\"potentialAction\":[{\"@type\":\"SearchAction\",\"target\":{\"@type\":\"EntryPoint\",\"urlTemplate\":\"https:\\\/\\\/events.pmfst.unist.hr\\\/phyphi\\\/?s={search_term_string}\"},\"query-input\":{\"@type\":\"PropertyValueSpecification\",\"valueRequired\":true,\"valueName\":\"search_term_string\"}}],\"inLanguage\":\"en-US\"},{\"@type\":\"Organization\",\"@id\":\"https:\\\/\\\/events.pmfst.unist.hr\\\/phyphi\\\/#organization\",\"name\":\"PHYSICS AND PHILOSOPHY (P&amp;P)\",\"url\":\"https:\\\/\\\/events.pmfst.unist.hr\\\/phyphi\\\/\",\"logo\":{\"@type\":\"ImageObject\",\"inLanguage\":\"en-US\",\"@id\":\"https:\\\/\\\/events.pmfst.unist.hr\\\/phyphi\\\/#\\\/schema\\\/logo\\\/image\\\/\",\"url\":\"https:\\\/\\\/events.pmfst.unist.hr\\\/phyphi\\\/wp-content\\\/uploads\\\/sites\\\/2\\\/2022\\\/06\\\/logo.png\",\"contentUrl\":\"https:\\\/\\\/events.pmfst.unist.hr\\\/phyphi\\\/wp-content\\\/uploads\\\/sites\\\/2\\\/2022\\\/06\\\/logo.png\",\"width\":75,\"height\":128,\"caption\":\"PHYSICS AND PHILOSOPHY (P&amp;P)\"},\"image\":{\"@id\":\"https:\\\/\\\/events.pmfst.unist.hr\\\/phyphi\\\/#\\\/schema\\\/logo\\\/image\\\/\"}}]}<\/script>\n<!-- \/ Yoast SEO plugin. -->","yoast_head_json":{"title":"Physics and Philosophy, 2 - 4 September 2020 - PHYSICS AND PHILOSOPHY (P&amp;P)","robots":{"index":"index","follow":"follow","max-snippet":"max-snippet:-1","max-image-preview":"max-image-preview:large","max-video-preview":"max-video-preview:-1"},"canonical":"https:\/\/events.pmfst.unist.hr\/phyphi\/physics-and-philosophy-2-4-september-2020\/","og_locale":"en_US","og_type":"article","og_title":"Physics and Philosophy, 2 - 4 September 2020 - PHYSICS AND PHILOSOPHY (P&amp;P)","og_description":"[vc_row][vc_column][vc_column_text css=&#8221;.vc_custom_1656318376446{margin-bottom: 0px !important;}&#8221;]Quantum Physics, What is it All About? Quantum physics is often mentioned even in the everyday discussions. On Google there are 358 million entries under the keyword quantum. Information you will get on these sites is often unclear and contradictory. How to find the right way through all that? Most of the [&hellip;]","og_url":"https:\/\/events.pmfst.unist.hr\/phyphi\/physics-and-philosophy-2-4-september-2020\/","og_site_name":"PHYSICS AND PHILOSOPHY (P&amp;P)","article_modified_time":"2022-06-27T09:39:03+00:00","og_image":[{"url":"https:\/\/events.pmfst.unist.hr\/phyphi\/wp-content\/uploads\/sites\/2\/2022\/06\/novi_finalni_plakat-compressed_1_-214x300.jpg","type":"","width":"","height":""}],"twitter_card":"summary_large_image","twitter_misc":{"Est. reading time":"4 minutes"},"schema":{"@context":"https:\/\/schema.org","@graph":[{"@type":"WebPage","@id":"https:\/\/events.pmfst.unist.hr\/phyphi\/physics-and-philosophy-2-4-september-2020\/","url":"https:\/\/events.pmfst.unist.hr\/phyphi\/physics-and-philosophy-2-4-september-2020\/","name":"Physics and Philosophy, 2 - 4 September 2020 - PHYSICS AND PHILOSOPHY (P&amp;P)","isPartOf":{"@id":"https:\/\/events.pmfst.unist.hr\/phyphi\/#website"},"primaryImageOfPage":{"@id":"https:\/\/events.pmfst.unist.hr\/phyphi\/physics-and-philosophy-2-4-september-2020\/#primaryimage"},"image":{"@id":"https:\/\/events.pmfst.unist.hr\/phyphi\/physics-and-philosophy-2-4-september-2020\/#primaryimage"},"thumbnailUrl":"https:\/\/events.pmfst.unist.hr\/phyphi\/wp-content\/uploads\/sites\/2\/2022\/06\/novi_finalni_plakat-compressed_1_-214x300.jpg","datePublished":"2022-06-27T08:29:18+00:00","dateModified":"2022-06-27T09:39:03+00:00","breadcrumb":{"@id":"https:\/\/events.pmfst.unist.hr\/phyphi\/physics-and-philosophy-2-4-september-2020\/#breadcrumb"},"inLanguage":"en-US","potentialAction":[{"@type":"ReadAction","target":["https:\/\/events.pmfst.unist.hr\/phyphi\/physics-and-philosophy-2-4-september-2020\/"]}]},{"@type":"ImageObject","inLanguage":"en-US","@id":"https:\/\/events.pmfst.unist.hr\/phyphi\/physics-and-philosophy-2-4-september-2020\/#primaryimage","url":"https:\/\/events.pmfst.unist.hr\/phyphi\/wp-content\/uploads\/sites\/2\/2022\/06\/novi_finalni_plakat-compressed_1_.jpg","contentUrl":"https:\/\/events.pmfst.unist.hr\/phyphi\/wp-content\/uploads\/sites\/2\/2022\/06\/novi_finalni_plakat-compressed_1_.jpg","width":772,"height":1080},{"@type":"BreadcrumbList","@id":"https:\/\/events.pmfst.unist.hr\/phyphi\/physics-and-philosophy-2-4-september-2020\/#breadcrumb","itemListElement":[{"@type":"ListItem","position":1,"name":"Home","item":"https:\/\/events.pmfst.unist.hr\/phyphi\/"},{"@type":"ListItem","position":2,"name":"Physics and Philosophy, 2 &#8211; 4 September 2020"}]},{"@type":"WebSite","@id":"https:\/\/events.pmfst.unist.hr\/phyphi\/#website","url":"https:\/\/events.pmfst.unist.hr\/phyphi\/","name":"PHYSICS AND PHILOSOPHY (P&amp;P)","description":"PHYSICS AND PHILOSOPHY (P&amp;P) 2022 Locality and Non-locality in Physics","publisher":{"@id":"https:\/\/events.pmfst.unist.hr\/phyphi\/#organization"},"potentialAction":[{"@type":"SearchAction","target":{"@type":"EntryPoint","urlTemplate":"https:\/\/events.pmfst.unist.hr\/phyphi\/?s={search_term_string}"},"query-input":{"@type":"PropertyValueSpecification","valueRequired":true,"valueName":"search_term_string"}}],"inLanguage":"en-US"},{"@type":"Organization","@id":"https:\/\/events.pmfst.unist.hr\/phyphi\/#organization","name":"PHYSICS AND PHILOSOPHY (P&amp;P)","url":"https:\/\/events.pmfst.unist.hr\/phyphi\/","logo":{"@type":"ImageObject","inLanguage":"en-US","@id":"https:\/\/events.pmfst.unist.hr\/phyphi\/#\/schema\/logo\/image\/","url":"https:\/\/events.pmfst.unist.hr\/phyphi\/wp-content\/uploads\/sites\/2\/2022\/06\/logo.png","contentUrl":"https:\/\/events.pmfst.unist.hr\/phyphi\/wp-content\/uploads\/sites\/2\/2022\/06\/logo.png","width":75,"height":128,"caption":"PHYSICS AND PHILOSOPHY (P&amp;P)"},"image":{"@id":"https:\/\/events.pmfst.unist.hr\/phyphi\/#\/schema\/logo\/image\/"}}]}},"_links":{"self":[{"href":"https:\/\/events.pmfst.unist.hr\/phyphi\/wp-json\/wp\/v2\/pages\/35","targetHints":{"allow":["GET"]}}],"collection":[{"href":"https:\/\/events.pmfst.unist.hr\/phyphi\/wp-json\/wp\/v2\/pages"}],"about":[{"href":"https:\/\/events.pmfst.unist.hr\/phyphi\/wp-json\/wp\/v2\/types\/page"}],"author":[{"embeddable":true,"href":"https:\/\/events.pmfst.unist.hr\/phyphi\/wp-json\/wp\/v2\/users\/1"}],"replies":[{"embeddable":true,"href":"https:\/\/events.pmfst.unist.hr\/phyphi\/wp-json\/wp\/v2\/comments?post=35"}],"version-history":[{"count":0,"href":"https:\/\/events.pmfst.unist.hr\/phyphi\/wp-json\/wp\/v2\/pages\/35\/revisions"}],"wp:attachment":[{"href":"https:\/\/events.pmfst.unist.hr\/phyphi\/wp-json\/wp\/v2\/media?parent=35"}],"curies":[{"name":"wp","href":"https:\/\/api.w.org\/{rel}","templated":true}]}}