{"id":25,"date":"2022-06-27T08:14:35","date_gmt":"2022-06-27T08:14:35","guid":{"rendered":"https:\/\/events.pmfst.unist.hr\/phyphi\/?page_id=25"},"modified":"2022-06-27T08:23:09","modified_gmt":"2022-06-27T08:23:09","slug":"meeting-summer-school-physics-and-philosophy-25-27-august-2021","status":"publish","type":"page","link":"https:\/\/events.pmfst.unist.hr\/phyphi\/meeting-summer-school-physics-and-philosophy-25-27-august-2021\/","title":{"rendered":"Meeting &#8211; Summer school Physics and Philosophy, 25 &#8211; 27 August 2021"},"content":{"rendered":"<div class=\"wpb-content-wrapper\">[vc_row][vc_column][vc_column_text css=&#8221;.vc_custom_1656317671288{margin-bottom: 0px !important;}&#8221;]<strong>Summer School on Entropy<\/strong><\/p>\n<p><a href=\"https:\/\/events.pmfst.unist.hr\/phyphi\/wp-content\/uploads\/sites\/2\/2022\/06\/s03p2-scaled.jpg\"><img loading=\"lazy\" decoding=\"async\" class=\"alignleft size-medium wp-image-26\" src=\"https:\/\/events.pmfst.unist.hr\/phyphi\/wp-content\/uploads\/sites\/2\/2022\/06\/s03p2-scaled-201x300.jpg\" alt=\"\" width=\"201\" height=\"300\" srcset=\"https:\/\/events.pmfst.unist.hr\/phyphi\/wp-content\/uploads\/sites\/2\/2022\/06\/s03p2-scaled-201x300.jpg 201w, https:\/\/events.pmfst.unist.hr\/phyphi\/wp-content\/uploads\/sites\/2\/2022\/06\/s03p2-scaled-688x1024.jpg 688w, https:\/\/events.pmfst.unist.hr\/phyphi\/wp-content\/uploads\/sites\/2\/2022\/06\/s03p2-768x1144.jpg 768w, https:\/\/events.pmfst.unist.hr\/phyphi\/wp-content\/uploads\/sites\/2\/2022\/06\/s03p2-scaled.jpg 1719w\" sizes=\"auto, (max-width: 201px) 100vw, 201px\" \/><\/a>This School is addressed to persons interested in the discussion of one of the most important concepts of physics \u2013 entropy. Among the lecturers are some of the leading scientists and philosophers in the field.<\/p>\n<p>Entropy first appeared through the second principle of thermodynamics and is related to the question of the arrow of time. Although entropy is a standard notion in the curriculum of scientific and technical fields, there are still deep disagreements about its fundamental meaning. Several questions will be raised:<\/p>\n<ul class=\"\">\n<li class=\"level1\">\n<div class=\"li\">Do thermodynamic, statistical and information entropy correspond to the same thing?<\/div>\n<\/li>\n<li class=\"level3\">\n<div class=\"li\">What is the relation between them?<\/div>\n<\/li>\n<li class=\"level3\">\n<div class=\"li\">Does is make sense to characterize entropy as a measure of disorder? Does it cover all possible situations?<\/div>\n<\/li>\n<li class=\"level3\">\n<div class=\"li\">Entropy is a measurable quantity, related to other macroscopic quantities. Is it enough to know how to measure it, to understand what it is?<\/div>\n<\/li>\n<li class=\"level3\">\n<div class=\"li\">Where does the confusion related to the notion of entropy come from?<\/div>\n<\/li>\n<\/ul>\n<p>Entropy has played a crucial role in the emergence of quantum physics, in relation to the problem of the application of statistical mechanics to black-body radiation, particularly the principle of equipartition of energy. In the resolution of this problem by Planck and Einstein entropy played a leading role. And finally: How can entropy be related to other fields of knowledge, outside of natural sciences? These are some of the questions which will be addressed in this Summer School.[\/vc_column_text][\/vc_column][\/vc_row][vc_row][vc_column][vc_column_text css=&#8221;.vc_custom_1656317887775{margin-bottom: 0px !important;}&#8221;]<strong>Scientific Committee<\/strong>:<\/p>\n<ul class=\"\">\n<li class=\"level1\">\n<div class=\"li\">Ivica Aviani (University of Split)<\/div>\n<\/li>\n<li class=\"level1\">\n<div class=\"li\">Dragan Poljak (University of Split)<\/div>\n<\/li>\n<li class=\"level1\">\n<div class=\"li\">Franjo Sokoli\u0107 (University of Split)<\/div>\n<\/li>\n<li class=\"level1\">\n<div class=\"li\">Larisa Zorani\u0107 (University of Split)<\/div>\n<\/li>\n<\/ul>\n<hr \/>\n<p><strong>Organizing Committee<\/strong>: Mate Jagnji\u0107, Matko Male\u0161, Martina Po\u017ear and Nikolina Vu\u010dkovi\u0107[\/vc_column_text][\/vc_column][\/vc_row][vc_row][vc_column][mk_table style=&#8221;style2&#8243;]\n<h2 id=\"th_meeting_on_physics_and_philosophy\">9th Meeting on Physics and Philosophy<\/h2>\n<div>\n<div>\n<div>\n<h4>Program<\/h4>\n<p>25 &#8211; 27 August 2021<\/p>\n<\/div>\n<div>\n<div>\n<table>\n<thead>\n<tr>\n<th colspan=\"3\">\u00a0Wednesday, 25 August 2021<\/th>\n<\/tr>\n<\/thead>\n<tbody>\n<tr>\n<td>17:45 \u2013 18:00<\/td>\n<td>Opening ceremonies<\/td>\n<td><\/td>\n<\/tr>\n<tr>\n<td>18:00 \u2013 19:00<\/td>\n<td>Giovanni Ciccotti<\/td>\n<td><a title=\"2021:meeting_talk3\" href=\"https:\/\/mapmf.pmfst.unist.hr\/~sokolic\/doku.php?id=2021:meeting_talk3\">Foundations of (Classical) Statistical Mechanics up to Entropy<\/a><\/td>\n<\/tr>\n<tr>\n<td>19:00 \u2013 20:00<\/td>\n<td>Tim W. E. Maudlin<\/td>\n<td><a title=\"2021:meeting_talk2\" href=\"https:\/\/mapmf.pmfst.unist.hr\/~sokolic\/doku.php?id=2021:meeting_talk2\">Entropy, Entropy, Entropy, Entropy, Entropy and H<\/a><\/td>\n<\/tr>\n<tr>\n<td>20:00 \u2013 21:00<\/td>\n<td>Ivica Aviani<\/td>\n<td><a title=\"2021:meeting_talk4\" href=\"https:\/\/mapmf.pmfst.unist.hr\/~sokolic\/doku.php?id=2021:meeting_talk4\" rel=\"nofollow\">Entropy from the point of view of an experimentalist<\/a><\/td>\n<\/tr>\n<\/tbody>\n<\/table>\n<\/div>\n<div>\n<table>\n<thead>\n<tr>\n<th colspan=\"3\">\u00a0Thursday, 26 August 2021<\/th>\n<\/tr>\n<\/thead>\n<tbody>\n<tr>\n<td>17:45 \u2013 18:00<\/td>\n<td>Review and introduction<\/td>\n<td><\/td>\n<\/tr>\n<tr>\n<td>18:00 \u2013 19:00<\/td>\n<td>Giovanni Ciccotti<\/td>\n<td><a title=\"2021:meeting_talk7\" href=\"https:\/\/mapmf.pmfst.unist.hr\/~sokolic\/doku.php?id=2021:meeting_talk7\">Entropy (and others Thermodynamical Potentials) in Statistical Mechanics: its uses and misuses<\/a><\/td>\n<\/tr>\n<tr>\n<td>19:00 \u2013 20:00<\/td>\n<td>Tim W. E. Maudlin<\/td>\n<td><a title=\"2021:meeting_talk6\" href=\"https:\/\/mapmf.pmfst.unist.hr\/~sokolic\/doku.php?id=2021:meeting_talk6\">S = k ln(B(W)): Boltzmann entropy, the Second Law, and the Architecture of Hell<\/a><\/td>\n<\/tr>\n<tr>\n<td>20:00 \u2013 20:30<\/td>\n<td>Break<\/td>\n<td><\/td>\n<\/tr>\n<tr>\n<td>20:30 \u2013 21:30<\/td>\n<td>Denis Sunko<\/td>\n<td><a title=\"2021:meeting_talk8\" href=\"https:\/\/mapmf.pmfst.unist.hr\/~sokolic\/doku.php?id=2021:meeting_talk8\">Entropy of pure states: not all wave functions are born equal<\/a><\/td>\n<\/tr>\n<tr>\n<td>21:30 \u2013 22:30<\/td>\n<td>David Ellerman<\/td>\n<td><a title=\"2021:meeting_talk9\" href=\"https:\/\/mapmf.pmfst.unist.hr\/~sokolic\/doku.php?id=2021:meeting_talk9\">On Boltzmann, Logical, and Shannon Entropy<\/a><\/td>\n<\/tr>\n<\/tbody>\n<\/table>\n<\/div>\n<div>\n<table>\n<thead>\n<tr>\n<th colspan=\"3\">\u00a0Friday, 27 August 2021<\/th>\n<\/tr>\n<\/thead>\n<tbody>\n<tr>\n<td>17:45 \u2013 18:00<\/td>\n<td>Review and introduction<\/td>\n<td><\/td>\n<\/tr>\n<tr>\n<td>18:00 \u2013 19:00<\/td>\n<td>Giovanni Ciccotti<\/td>\n<td><a title=\"2021:questions_for_discussion.pdf (47.3 KB)\" href=\"https:\/\/mapmf.pmfst.unist.hr\/~sokolic\/lib\/exe\/fetch.php?media=2021:questions_for_discussion.pdf\" target=\"new\" rel=\"noopener\">Comments, questions and answers: a free session<\/a><\/td>\n<\/tr>\n<tr>\n<td>19:00 \u2013 20:00<\/td>\n<td>Tim W. E. Maudlin<\/td>\n<td><a title=\"2021:meeting_talk10\" href=\"https:\/\/mapmf.pmfst.unist.hr\/~sokolic\/doku.php?id=2021:meeting_talk10\">Classical Thermodynamics\u00a0and Information\u00a0Theory as Resource Theories: Resources for What?<\/a><\/td>\n<\/tr>\n<tr>\n<td>20:00 \u2013 20:30<\/td>\n<td>Break<\/td>\n<td><\/td>\n<\/tr>\n<tr>\n<td>20:30 \u2013 21:30<\/td>\n<td>Denis Sunko<\/td>\n<td><a title=\"2021:meeting_talk11\" href=\"https:\/\/mapmf.pmfst.unist.hr\/~sokolic\/doku.php?id=2021:meeting_talk11\">Corporations, robots and animals: the role of human cognition in rational design<\/a><\/td>\n<\/tr>\n<tr>\n<td>21:30 \u2013 22:00<\/td>\n<td>Dragan Poljak<\/td>\n<td><a title=\"2021:meeting_talk12\" href=\"https:\/\/mapmf.pmfst.unist.hr\/~sokolic\/doku.php?id=2021:meeting_talk12\">Some Mathematical Analogies in Classical Physics, Entropy and Information<\/a><\/td>\n<\/tr>\n<tr>\n<td>22:00 \u2013 22:30<\/td>\n<td>Franjo Sokoli\u0107<\/td>\n<td><a title=\"2021:pp_fs_2021_abstract.pdf (67.6 KB)\" href=\"https:\/\/mapmf.pmfst.unist.hr\/~sokolic\/lib\/exe\/fetch.php?media=2021:pp_fs_2021_abstract.pdf\" target=\"new\" rel=\"noopener\">Entropy! Entropy?<\/a><\/td>\n<\/tr>\n<\/tbody>\n<\/table>\n<\/div>\n<\/div>\n<\/div>\n<\/div>\n[\/mk_table][\/vc_column][\/vc_row]\n<\/div>","protected":false},"excerpt":{"rendered":"<p>[vc_row][vc_column][vc_column_text css=&#8221;.vc_custom_1656317671288{margin-bottom: 0px !important;}&#8221;]Summer School on Entropy This School is addressed to persons interested in the discussion of one of the most important concepts of physics \u2013 entropy. Among the lecturers are some of the leading scientists and philosophers in the field. Entropy first appeared through the second principle of thermodynamics and is related to [&hellip;]<\/p>\n","protected":false},"author":1,"featured_media":0,"parent":0,"menu_order":0,"comment_status":"closed","ping_status":"closed","template":"","meta":{"footnotes":""},"class_list":["post-25","page","type-page","status-publish","hentry"],"yoast_head":"<!-- This site is optimized with the Yoast SEO plugin v27.6 - https:\/\/yoast.com\/product\/yoast-seo-wordpress\/ -->\n<title>Meeting - Summer school Physics and Philosophy, 25 - 27 August 2021 - PHYSICS AND PHILOSOPHY (P&amp;P)<\/title>\n<meta name=\"robots\" content=\"index, follow, max-snippet:-1, max-image-preview:large, max-video-preview:-1\" \/>\n<link rel=\"canonical\" href=\"https:\/\/events.pmfst.unist.hr\/phyphi\/meeting-summer-school-physics-and-philosophy-25-27-august-2021\/\" \/>\n<meta property=\"og:locale\" content=\"en_US\" \/>\n<meta property=\"og:type\" content=\"article\" \/>\n<meta property=\"og:title\" content=\"Meeting - Summer school Physics and Philosophy, 25 - 27 August 2021 - PHYSICS AND PHILOSOPHY (P&amp;P)\" \/>\n<meta property=\"og:description\" content=\"[vc_row][vc_column][vc_column_text css=&#8221;.vc_custom_1656317671288{margin-bottom: 0px !important;}&#8221;]Summer School on Entropy This School is addressed to persons interested in the discussion of one of the most important concepts of physics \u2013 entropy. Among the lecturers are some of the leading scientists and philosophers in the field. Entropy first appeared through the second principle of thermodynamics and is related to [&hellip;]\" \/>\n<meta property=\"og:url\" content=\"https:\/\/events.pmfst.unist.hr\/phyphi\/meeting-summer-school-physics-and-philosophy-25-27-august-2021\/\" \/>\n<meta property=\"og:site_name\" content=\"PHYSICS AND PHILOSOPHY (P&amp;P)\" \/>\n<meta property=\"article:modified_time\" content=\"2022-06-27T08:23:09+00:00\" \/>\n<meta property=\"og:image\" content=\"https:\/\/events.pmfst.unist.hr\/phyphi\/wp-content\/uploads\/sites\/2\/2022\/06\/s03p2-scaled-201x300.jpg\" \/>\n<meta name=\"twitter:card\" content=\"summary_large_image\" \/>\n<meta name=\"twitter:label1\" content=\"Est. reading time\" \/>\n\t<meta name=\"twitter:data1\" content=\"2 minutes\" \/>\n<script type=\"application\/ld+json\" class=\"yoast-schema-graph\">{\"@context\":\"https:\\\/\\\/schema.org\",\"@graph\":[{\"@type\":\"WebPage\",\"@id\":\"https:\\\/\\\/events.pmfst.unist.hr\\\/phyphi\\\/meeting-summer-school-physics-and-philosophy-25-27-august-2021\\\/\",\"url\":\"https:\\\/\\\/events.pmfst.unist.hr\\\/phyphi\\\/meeting-summer-school-physics-and-philosophy-25-27-august-2021\\\/\",\"name\":\"Meeting - Summer school Physics and Philosophy, 25 - 27 August 2021 - PHYSICS AND PHILOSOPHY (P&amp;P)\",\"isPartOf\":{\"@id\":\"https:\\\/\\\/events.pmfst.unist.hr\\\/phyphi\\\/#website\"},\"primaryImageOfPage\":{\"@id\":\"https:\\\/\\\/events.pmfst.unist.hr\\\/phyphi\\\/meeting-summer-school-physics-and-philosophy-25-27-august-2021\\\/#primaryimage\"},\"image\":{\"@id\":\"https:\\\/\\\/events.pmfst.unist.hr\\\/phyphi\\\/meeting-summer-school-physics-and-philosophy-25-27-august-2021\\\/#primaryimage\"},\"thumbnailUrl\":\"https:\\\/\\\/events.pmfst.unist.hr\\\/phyphi\\\/wp-content\\\/uploads\\\/sites\\\/2\\\/2022\\\/06\\\/s03p2-scaled-201x300.jpg\",\"datePublished\":\"2022-06-27T08:14:35+00:00\",\"dateModified\":\"2022-06-27T08:23:09+00:00\",\"breadcrumb\":{\"@id\":\"https:\\\/\\\/events.pmfst.unist.hr\\\/phyphi\\\/meeting-summer-school-physics-and-philosophy-25-27-august-2021\\\/#breadcrumb\"},\"inLanguage\":\"en-US\",\"potentialAction\":[{\"@type\":\"ReadAction\",\"target\":[\"https:\\\/\\\/events.pmfst.unist.hr\\\/phyphi\\\/meeting-summer-school-physics-and-philosophy-25-27-august-2021\\\/\"]}]},{\"@type\":\"ImageObject\",\"inLanguage\":\"en-US\",\"@id\":\"https:\\\/\\\/events.pmfst.unist.hr\\\/phyphi\\\/meeting-summer-school-physics-and-philosophy-25-27-august-2021\\\/#primaryimage\",\"url\":\"https:\\\/\\\/events.pmfst.unist.hr\\\/phyphi\\\/wp-content\\\/uploads\\\/sites\\\/2\\\/2022\\\/06\\\/s03p2-scaled.jpg\",\"contentUrl\":\"https:\\\/\\\/events.pmfst.unist.hr\\\/phyphi\\\/wp-content\\\/uploads\\\/sites\\\/2\\\/2022\\\/06\\\/s03p2-scaled.jpg\",\"width\":1719,\"height\":2560},{\"@type\":\"BreadcrumbList\",\"@id\":\"https:\\\/\\\/events.pmfst.unist.hr\\\/phyphi\\\/meeting-summer-school-physics-and-philosophy-25-27-august-2021\\\/#breadcrumb\",\"itemListElement\":[{\"@type\":\"ListItem\",\"position\":1,\"name\":\"Home\",\"item\":\"https:\\\/\\\/events.pmfst.unist.hr\\\/phyphi\\\/\"},{\"@type\":\"ListItem\",\"position\":2,\"name\":\"Meeting &#8211; Summer school Physics and Philosophy, 25 &#8211; 27 August 2021\"}]},{\"@type\":\"WebSite\",\"@id\":\"https:\\\/\\\/events.pmfst.unist.hr\\\/phyphi\\\/#website\",\"url\":\"https:\\\/\\\/events.pmfst.unist.hr\\\/phyphi\\\/\",\"name\":\"PHYSICS AND PHILOSOPHY (P&amp;P)\",\"description\":\"PHYSICS AND PHILOSOPHY (P&amp;P) 2022 Locality and Non-locality in Physics\",\"publisher\":{\"@id\":\"https:\\\/\\\/events.pmfst.unist.hr\\\/phyphi\\\/#organization\"},\"potentialAction\":[{\"@type\":\"SearchAction\",\"target\":{\"@type\":\"EntryPoint\",\"urlTemplate\":\"https:\\\/\\\/events.pmfst.unist.hr\\\/phyphi\\\/?s={search_term_string}\"},\"query-input\":{\"@type\":\"PropertyValueSpecification\",\"valueRequired\":true,\"valueName\":\"search_term_string\"}}],\"inLanguage\":\"en-US\"},{\"@type\":\"Organization\",\"@id\":\"https:\\\/\\\/events.pmfst.unist.hr\\\/phyphi\\\/#organization\",\"name\":\"PHYSICS AND PHILOSOPHY (P&amp;P)\",\"url\":\"https:\\\/\\\/events.pmfst.unist.hr\\\/phyphi\\\/\",\"logo\":{\"@type\":\"ImageObject\",\"inLanguage\":\"en-US\",\"@id\":\"https:\\\/\\\/events.pmfst.unist.hr\\\/phyphi\\\/#\\\/schema\\\/logo\\\/image\\\/\",\"url\":\"https:\\\/\\\/events.pmfst.unist.hr\\\/phyphi\\\/wp-content\\\/uploads\\\/sites\\\/2\\\/2022\\\/06\\\/logo.png\",\"contentUrl\":\"https:\\\/\\\/events.pmfst.unist.hr\\\/phyphi\\\/wp-content\\\/uploads\\\/sites\\\/2\\\/2022\\\/06\\\/logo.png\",\"width\":75,\"height\":128,\"caption\":\"PHYSICS AND PHILOSOPHY (P&amp;P)\"},\"image\":{\"@id\":\"https:\\\/\\\/events.pmfst.unist.hr\\\/phyphi\\\/#\\\/schema\\\/logo\\\/image\\\/\"}}]}<\/script>\n<!-- \/ Yoast SEO plugin. -->","yoast_head_json":{"title":"Meeting - Summer school Physics and Philosophy, 25 - 27 August 2021 - PHYSICS AND PHILOSOPHY (P&amp;P)","robots":{"index":"index","follow":"follow","max-snippet":"max-snippet:-1","max-image-preview":"max-image-preview:large","max-video-preview":"max-video-preview:-1"},"canonical":"https:\/\/events.pmfst.unist.hr\/phyphi\/meeting-summer-school-physics-and-philosophy-25-27-august-2021\/","og_locale":"en_US","og_type":"article","og_title":"Meeting - Summer school Physics and Philosophy, 25 - 27 August 2021 - PHYSICS AND PHILOSOPHY (P&amp;P)","og_description":"[vc_row][vc_column][vc_column_text css=&#8221;.vc_custom_1656317671288{margin-bottom: 0px !important;}&#8221;]Summer School on Entropy This School is addressed to persons interested in the discussion of one of the most important concepts of physics \u2013 entropy. Among the lecturers are some of the leading scientists and philosophers in the field. Entropy first appeared through the second principle of thermodynamics and is related to [&hellip;]","og_url":"https:\/\/events.pmfst.unist.hr\/phyphi\/meeting-summer-school-physics-and-philosophy-25-27-august-2021\/","og_site_name":"PHYSICS AND PHILOSOPHY (P&amp;P)","article_modified_time":"2022-06-27T08:23:09+00:00","og_image":[{"url":"https:\/\/events.pmfst.unist.hr\/phyphi\/wp-content\/uploads\/sites\/2\/2022\/06\/s03p2-scaled-201x300.jpg","type":"","width":"","height":""}],"twitter_card":"summary_large_image","twitter_misc":{"Est. reading time":"2 minutes"},"schema":{"@context":"https:\/\/schema.org","@graph":[{"@type":"WebPage","@id":"https:\/\/events.pmfst.unist.hr\/phyphi\/meeting-summer-school-physics-and-philosophy-25-27-august-2021\/","url":"https:\/\/events.pmfst.unist.hr\/phyphi\/meeting-summer-school-physics-and-philosophy-25-27-august-2021\/","name":"Meeting - Summer school Physics and Philosophy, 25 - 27 August 2021 - PHYSICS AND PHILOSOPHY (P&amp;P)","isPartOf":{"@id":"https:\/\/events.pmfst.unist.hr\/phyphi\/#website"},"primaryImageOfPage":{"@id":"https:\/\/events.pmfst.unist.hr\/phyphi\/meeting-summer-school-physics-and-philosophy-25-27-august-2021\/#primaryimage"},"image":{"@id":"https:\/\/events.pmfst.unist.hr\/phyphi\/meeting-summer-school-physics-and-philosophy-25-27-august-2021\/#primaryimage"},"thumbnailUrl":"https:\/\/events.pmfst.unist.hr\/phyphi\/wp-content\/uploads\/sites\/2\/2022\/06\/s03p2-scaled-201x300.jpg","datePublished":"2022-06-27T08:14:35+00:00","dateModified":"2022-06-27T08:23:09+00:00","breadcrumb":{"@id":"https:\/\/events.pmfst.unist.hr\/phyphi\/meeting-summer-school-physics-and-philosophy-25-27-august-2021\/#breadcrumb"},"inLanguage":"en-US","potentialAction":[{"@type":"ReadAction","target":["https:\/\/events.pmfst.unist.hr\/phyphi\/meeting-summer-school-physics-and-philosophy-25-27-august-2021\/"]}]},{"@type":"ImageObject","inLanguage":"en-US","@id":"https:\/\/events.pmfst.unist.hr\/phyphi\/meeting-summer-school-physics-and-philosophy-25-27-august-2021\/#primaryimage","url":"https:\/\/events.pmfst.unist.hr\/phyphi\/wp-content\/uploads\/sites\/2\/2022\/06\/s03p2-scaled.jpg","contentUrl":"https:\/\/events.pmfst.unist.hr\/phyphi\/wp-content\/uploads\/sites\/2\/2022\/06\/s03p2-scaled.jpg","width":1719,"height":2560},{"@type":"BreadcrumbList","@id":"https:\/\/events.pmfst.unist.hr\/phyphi\/meeting-summer-school-physics-and-philosophy-25-27-august-2021\/#breadcrumb","itemListElement":[{"@type":"ListItem","position":1,"name":"Home","item":"https:\/\/events.pmfst.unist.hr\/phyphi\/"},{"@type":"ListItem","position":2,"name":"Meeting &#8211; Summer school Physics and Philosophy, 25 &#8211; 27 August 2021"}]},{"@type":"WebSite","@id":"https:\/\/events.pmfst.unist.hr\/phyphi\/#website","url":"https:\/\/events.pmfst.unist.hr\/phyphi\/","name":"PHYSICS AND PHILOSOPHY (P&amp;P)","description":"PHYSICS AND PHILOSOPHY (P&amp;P) 2022 Locality and Non-locality in Physics","publisher":{"@id":"https:\/\/events.pmfst.unist.hr\/phyphi\/#organization"},"potentialAction":[{"@type":"SearchAction","target":{"@type":"EntryPoint","urlTemplate":"https:\/\/events.pmfst.unist.hr\/phyphi\/?s={search_term_string}"},"query-input":{"@type":"PropertyValueSpecification","valueRequired":true,"valueName":"search_term_string"}}],"inLanguage":"en-US"},{"@type":"Organization","@id":"https:\/\/events.pmfst.unist.hr\/phyphi\/#organization","name":"PHYSICS AND PHILOSOPHY (P&amp;P)","url":"https:\/\/events.pmfst.unist.hr\/phyphi\/","logo":{"@type":"ImageObject","inLanguage":"en-US","@id":"https:\/\/events.pmfst.unist.hr\/phyphi\/#\/schema\/logo\/image\/","url":"https:\/\/events.pmfst.unist.hr\/phyphi\/wp-content\/uploads\/sites\/2\/2022\/06\/logo.png","contentUrl":"https:\/\/events.pmfst.unist.hr\/phyphi\/wp-content\/uploads\/sites\/2\/2022\/06\/logo.png","width":75,"height":128,"caption":"PHYSICS AND PHILOSOPHY (P&amp;P)"},"image":{"@id":"https:\/\/events.pmfst.unist.hr\/phyphi\/#\/schema\/logo\/image\/"}}]}},"_links":{"self":[{"href":"https:\/\/events.pmfst.unist.hr\/phyphi\/wp-json\/wp\/v2\/pages\/25","targetHints":{"allow":["GET"]}}],"collection":[{"href":"https:\/\/events.pmfst.unist.hr\/phyphi\/wp-json\/wp\/v2\/pages"}],"about":[{"href":"https:\/\/events.pmfst.unist.hr\/phyphi\/wp-json\/wp\/v2\/types\/page"}],"author":[{"embeddable":true,"href":"https:\/\/events.pmfst.unist.hr\/phyphi\/wp-json\/wp\/v2\/users\/1"}],"replies":[{"embeddable":true,"href":"https:\/\/events.pmfst.unist.hr\/phyphi\/wp-json\/wp\/v2\/comments?post=25"}],"version-history":[{"count":0,"href":"https:\/\/events.pmfst.unist.hr\/phyphi\/wp-json\/wp\/v2\/pages\/25\/revisions"}],"wp:attachment":[{"href":"https:\/\/events.pmfst.unist.hr\/phyphi\/wp-json\/wp\/v2\/media?parent=25"}],"curies":[{"name":"wp","href":"https:\/\/api.w.org\/{rel}","templated":true}]}}